{"id":16302,"date":"2023-07-10T10:32:49","date_gmt":"2023-07-10T14:32:49","guid":{"rendered":"https:\/\/transparencia.tceam.tc.br\/?page_id=16302"},"modified":"2023-07-10T10:32:49","modified_gmt":"2023-07-10T14:32:49","slug":"despesas-com-transferencias-voluntarias","status":"publish","type":"page","link":"https:\/\/transparencia.tceam.tc.br\/?page_id=16302","title":{"rendered":"Despesas com Transfer\u00eancias Volunt\u00e1rias"},"content":{"rendered":"<div class=\"elementor-element elementor-element-c1eabec ha-align-left ha-layout-inline elementor-widget elementor-widget-ha-advanced-heading happy-addon ha-advanced-heading happy-addon-pro\" data-id=\"c1eabec\" data-element_type=\"widget\" data-widget_type=\"ha-advanced-heading.default\">\n<div class=\"elementor-widget-container\">\n<div class=\"ha-advanced-heading-wrap\" data-background-text=\"\"><span class=\"ha-advanced-heading-before\">Despesas com Transfer\u00eancias Volunt\u00e1rias<\/span><\/div>\n<\/div>\n<\/div>\n<div class=\"elementor-element elementor-element-3ebe443 elementor-widget elementor-widget-text-editor\" data-id=\"3ebe443\" data-element_type=\"widget\" data-widget_type=\"text-editor.default\">\n<div class=\"elementor-widget-container\">\n<div class=\"elementor-text-editor elementor-clearfix\">\n<p>\u201cO Tribunal de Contas do Estado do Amazonas n\u00e3o efetuou repasse por ocasi\u00e3o de celebra\u00e7\u00e3o de transfer\u00eancia volunt\u00e1ria nos \u00faltimos 5 (cinco) anos. Informa\u00e7\u00e3o atualizada at\u00e9 14\/11\/2022.\u201d<\/p>\n<\/div>\n<\/div>\n<\/div>\n","protected":false},"excerpt":{"rendered":"<p>Despesas com Transfer\u00eancias Volunt\u00e1rias \u201cO Tribunal de Contas do Estado do Amazonas n\u00e3o efetuou repasse por ocasi\u00e3o de celebra\u00e7\u00e3o de transfer\u00eancia volunt\u00e1ria nos \u00faltimos 5 (cinco) anos. Informa\u00e7\u00e3o atualizada at\u00e9 14\/11\/2022.\u201d<\/p>\n","protected":false},"author":2,"featured_media":0,"parent":0,"menu_order":0,"comment_status":"closed","ping_status":"closed","template":"","meta":{"footnotes":""},"class_list":["post-16302","page","type-page","status-publish","hentry"],"_links":{"self":[{"href":"https:\/\/transparencia.tceam.tc.br\/index.php?rest_route=\/wp\/v2\/pages\/16302","targetHints":{"allow":["GET"]}}],"collection":[{"href":"https:\/\/transparencia.tceam.tc.br\/index.php?rest_route=\/wp\/v2\/pages"}],"about":[{"href":"https:\/\/transparencia.tceam.tc.br\/index.php?rest_route=\/wp\/v2\/types\/page"}],"author":[{"embeddable":true,"href":"https:\/\/transparencia.tceam.tc.br\/index.php?rest_route=\/wp\/v2\/users\/2"}],"replies":[{"embeddable":true,"href":"https:\/\/transparencia.tceam.tc.br\/index.php?rest_route=%2Fwp%2Fv2%2Fcomments&post=16302"}],"version-history":[{"count":1,"href":"https:\/\/transparencia.tceam.tc.br\/index.php?rest_route=\/wp\/v2\/pages\/16302\/revisions"}],"predecessor-version":[{"id":16304,"href":"https:\/\/transparencia.tceam.tc.br\/index.php?rest_route=\/wp\/v2\/pages\/16302\/revisions\/16304"}],"wp:attachment":[{"href":"https:\/\/transparencia.tceam.tc.br\/index.php?rest_route=%2Fwp%2Fv2%2Fmedia&parent=16302"}],"curies":[{"name":"wp","href":"https:\/\/api.w.org\/{rel}","templated":true}]}}